 65*z**2 + 35*z + 52. Determine o(-33).
-14
Let n(l) = l**2 - 5*l - 5. Calculate n(-5).
45
Let k(w) = -w**2 - 51*w - 474. Give k(-39).
-6
Let j(c) = c**3 - 5*c**2 + 4*c - 17. Give j(5).
3
Let g(d) = 4*d - 13. Calculate g(8).
19
Let n(a) = a + 4. What is n(5)?
9
Let x(l) = 3*l + 77. Give x(-29).
-10
Let k(r) = r**2 + 17*r + 39. What is k(-14)?
-3
Let c(p) = -6*p - 8. Determine c(-7).
34
Let y(u) = u - 4. Determine y(-5).
-9
Let w(j) = -50*j**3 - 2*j**2 + 1. Give w(-1).
49
Let y(s) = 54*s - 108. Give y(2).
0
Let k(l) = -l**3 - 25*l**2 + 24*l - 63. What is k(-26)?
-11
Let k(y) = 2*y**3 + 27*y**2 - 16*y - 33. Calculate k(-14).
-5
Let z(a) = -17*a**3 + a**2 + a - 1. Give z(1).
-16
Let i(n) = -n**2 + 15*n + 4. What is i(15)?
4
Let c(i) = i**3 - 14*i**2 - 13*i - 21. What is c(15)?
9
Let i(n) = -4*n**2 - 3*n - 5. Determine i(-2).
-15
Let t(b) = b**3 + 4*b**2 + 2*b. Give t(-4).
-8
Let t(h) = -2*h + 3. Calculate t(0).
3
Let q(n) = -n**2 - 11. Calculate q(4).
-27
Let k(d) = -3*d + 16. Give k(6).
-2
Let w(d) = 2*d**2 - 8*d + 7. Calculate w(6).
31
Let p(j) = -j**3 - 5*j**2 - j + 7. Determine p(-5).
12
Let v(o) = 12*o + 2. Calculate v(1).
14
Let l(a) = -a**3 - a**2 + 1. Determine l(-1).
1
Let t(g) = -g + 10. What is t(3)?
7
Let u(h) = 8*h + 41. What is u(-6)?
-7
Let q(a) = -65*a**3 - a**2 - a - 1. Determine q(-1).
64
Let v(m) = -m**2 + 8*m + 10. What is v(5)?
25
Let w(u) = -5*u - 15. Determine w(-6).
15
Let m(q) = 2*q**2 + 27*q - 37. What is m(-15)?
8
Let d(c) = 2*c**3 - 4*c + 6. Give d(0).
6
Let j(s) = -s**3 - 26*s**2 + 2*s + 5. Give j(-26).
-47
Let g(d) = d**3 - 51*d**2 - 50*d - 102. Determine g(52).
2
Let h(u) = -2*u**2 - 16*u - 24. Calculate h(-7).
-10
Let w(r) = -r**3 + 17. Calculate w(0).
17
Let v(n) = -n**2 + n + 1. What is v(0)?
1
Let j(c) = 2*c**2 - 8*c + 6. What is j(8)?
70
Let d(c) = 8*c + 174. Calculate d(-22).
-2
Let n(d) = -15*d**2 - 9*d - 9. What is n(-3)?
-117
Let q(j) = 2*j**2 - 54*j + 126. Calculate q(24).
-18
Let x(z) = -z**2 - 11*z - 9. Calculate x(-9).
9
Let p(l) = l**3 - 9*l**2 - 19*l - 35. Calculate p(11).
-2
Let a(d) = 3*d**3 - 27*d**2 - 1. What is a(9)?
-1
Let t(q) = -q**2 - 2*q + 3. What is t(-4)?
-5
Let x(w) = -w**3 - w + 3. Calculate x(0).
3
Let h(u) = -u**2 - 3*u - 4. Calculate h(-3).
-4
Let f(l) = -l**3 - 5*l**2 + 8*l + 4. Calculate f(-5).
-36
Let a(k) = -k**3 - 15*k**2 - k - 8. What is a(-15)?
7
Let y(u) = u**3 + 7*u**2 - 2*u - 43. Calculate y(-6).
5
Let t(m) = -2*m**3 - 2*m**2 - m + 1. Determine t(-1).
2
Let w(f) = -f**3 - 6*f**2 - 3*f + 5. Determine w(-5).
-5
Let y(u) = 7*u - 14. Give y(4).
14
Let j(p) = -p - 3. Determine j(-16).
13
Let d(p) = 2*p - 5. Calculate d(-8).
-21
Let o(z) = 6*z - 7. Calculate o(6).
29
Let d(z) = 2*z**2 - 4*z + 6. What is d(4)?
22
Let y(c) = -c**2 + 10*c + 28. Give y(12).
4
Let f(t) = 12*t**3 + t**2 - 7*t - 9. Determine f(-1).
-13
Let a(k) = 2*k**2 - 7*k - 2. What is a(5)?
13
Let h(i) = -i**3 - 8*i**2 + 19*i - 8. What is h(-10)?
2
Let i(o) = -3*o**3 - 17*o**2 - 10*o - 3. What is i(-5)?
-3
Let t(l) = l**3 + 19*l**2 + 50*l + 38. What is t(-16)?
6
Let j(v) = -6*v - 2. Calculate j(3).
-20
Let a(h) = 8*h + 17. Give a(-5).
-23
Let q(s) = -s**3 - 19*s**2 - 21*s - 51. What is q(-18)?
3
Let m(y) = -y**3 + 6*y**2 - 3*y - 3. What is m(5)?
7
Let u(z) = -z**3 - 8*z**2 + 6*z - 4. Give u(-9).
23
Let n(b) = -b + 4. What is n(5)?
-1
Let q(f) = 4*f**2 + f + 1. Calculate q(1).
6
Let j(m) = 3*m**2 - 10*m + 6. Determine j(5).
31
Let d(u) = u**3 - 35*u**2 + 68*u - 65. Determine d(33).
1
Let f(y) = 5*y + 45. What is f(-8)?
5
Let w(u) = u**3 - 37*u**2 + 71*u - 38. What is w(35)?
-3
Let c(q) = 3*q + 7. What is c(2)?
13
Let g(a) = -a**3 - 8*a**2 - 12*a. Determine g(-6).
0
Let u(b) = -2*b**3 - 13*b**2 + 10*b + 5. What is u(-7)?
-16
Let f(g) = 2*g - 11. Calculate f(19).
27
Let q(d) = 3*d - 2. What is q(5)?
13
Let j(x) = 2*x**2 + 2*x + 3. Give j(-3).
15
Let c(r) = 23*r + 95. Give c(-4).
3
Let q(d) = 5*d - 71. What is q(16)?
9
Let p(j) = -3*j - 59. Give p(-18).
-5
Let t(s) = -s**2 - 5*s + 13. Determine t(-8).
-11
Let a(p) = -8*p - 26. What is a(-5)?
14
Let s(a) = 2*a - 27. Determine s(14).
1
Let q(a) = -a**2 + a - 29. Give q(0).
-29
Let x(y) = y**2 + 8*y + 8. Calculate x(-6).
-4
Let h(k) = -2*k**2 + 22*k - 3. Give h(11).
-3
Let d(s) = -s**2 - 40*s - 201. Determine d(-34).
3
Let p(l) = -l - 11. What is p(6)?
-17
Let k(c) = -c**3 + 2*c**2 + 2*c + 7. Calculate k(0).
7
Let i(h) = -h**3 - 11*h**2 + 19*h - 76. What is i(-13)?
15
Let m(u) = -20*u - 15. Determine m(1).
-35
Let x(z) = 2*z**2 - 1. What is x(-4)?
31
Let s(c) = 44*c**2 + 4*c - 3. Give s(1).
45
Let z(i) = 2*i**2 + 6*i - 8. Give z(-4).
0
Let z(c) = -56*c + 668. Give z(12).
-4
Let t(j) = j**3 + 10*j**2 + 8*j - 7. Give t(-9).
2
Let g(p) = 2*p**3 - 2*p**2. Calculate g(-2).
-24
Let h(b) = -b - 1. Determine h(7).
-8
Let r(b) = -b**3 - b**2 + 7*b + 3. Give r(-3).
0
Let a(s) = 2*s**2 - 12*s - 32. Determine a(8).
0
Let g(q) = q**3 + 3*q**2 - 2*q + 5. Determine g(-4).
-3
Let l(m) = -2*m + 22. Give l(8).
6
Let h(a) = -62*a - 259. What is h(-4)?
-11
Let m(y) = 10*y + 389. Determine m(-39).
-1
Let h(b) = b + 5. Determine h(-5).
0
Let o(i) = i**3 - 6*i**2 - 6*i - 46. Determine o(8).
34
Let s(x) = 58*x - 111. What is s(4)?
121
Let q(c) = -c**3 - c**2 + 5. Calculate q(0).
5
Let c(j) = -j**3 + 6*j**2 - 5*j + 7. Calculate c(5).
7
Let i(d) = 2*d**3 + 2*d**2 + 3*d - 2. What is i(-3)?
-47
Let a(d) = -2*d**2 - 9*d + 13. Determine a(5).
-82
Let p(s) = -s**3 - 12*s**2 - 19*s + 1. Calculate p(-10).
-9
Let k(s) = -s**2 - 36*s - 10. Calculate k(-36).
-10
Let j(s) = s**2 - 3*s - 6. What is j(4)?
-2
Let i(m) = m**2 - 3*m - 3. Calculate i(4).
1
Let y(v) = -v**3 + 13*v**2 - 12*v + 4. Calculate y(12).
4
Let v(w) = -13*w - 33. Determine v(-3).
6
Let a(j) = -45*j + 99. Determine a(2).
9
Let u(h) = -h**3 + 19*h**2 - 21*h + 21. What is u(18)?
-33
Let p(c) = -5*c - 34. Calculate p(-12).
26
Let w(n) = -n**2 - 11*n + 7. Determine w(-10).
17
Let g(r) = -30*r - 4. Give g(1).
-34
Let x(j) = -j**2 - 13*j - 4. Give x(-13).
-4
Let j(w) = 2*w**2 - 7*w - 10. What is j(7)?
39
Let l(x) = 3*x + 104. Give l(-23).
35
Let r(f) = 4*f**2 + 29*f + 64. Give r(-7).
57
Let b(z) = 3*z - 12. Determine b(0).
-12
Let x(w) = -8*w**2 - 2*w + 4. What is x(-3)?
-62
Let d(b) = 5*b - 7. Calculate d(2).
3
Let g(y) = y**3 - 34*y**2 - 38*y + 56. Calculate g(35).
-49
Let i(m) = -3*m**2 + 7*m - 8. Determine i(4).
-28
Let t(a) = -a**2 + 10*a + 10. Give t(11).
-1
Let s(h) = -20*h**3 + 2*h**2 - 5*h + 3. Calculate s(1).
-20
Let b(z) = z**3 - 4*z**2 - z + 7. What is b(4)?
3
Let s(n) = -n**2 - 10*n + 22. What is s(-12)?
-2
Let v(o) = -2*o**3 + 6*o**2 + 3*o + 19. Determine v(4).
-1
Let q(g) = -2*g**2 + 6*g + 8. Determine q(4).
0
Let v(r) = -r**3 + 9*r**2 - 11*r + 7. Give v(9).
-92
Let u(w) = w**2 + 3*w - 9. Determine u(-8).
31
Let n(v) = 33*v + 331. What is n(-10)?
1
Let w(l) = -2*l**3 - 14*l**2 - 21*l. What is w(-2)?
2
Let a(k) = 2*k**3 - 6*k**2 + 6*k + 5. What is a(4)?
61
Let l(y) = -y**2 + 2*y - 1. Calculate l(1).
0
Let o(f) = -2*f**2 + 3*f + 3. Calculate o(4).
-17
Let v(o) = 2*o**3 + 30*o**2 - 12. What is v(-15)?
-12
Let q(w) = -w**3 + 11*w**2 + 18*w - 65. Determine q(12).
7
Let s(d) = -2*d**2 + 7*d + 1. Give s(5).
-14
Let b(i) = i**2 - 5*i - 12. Give b(7).
2
Let l(g) = g**2 - 12*g + 59. What is l(7)?
24
Let u(w) = -w**3 - 6*w**2 - 3*w + 10. Determine u(-6).
28
Let u(s) = -12*s**3 - s**2 - s + 1. What is u(1)?
-13
Let c(d) = 2*d - 51. Calculate c(15).
-21
Let u(b) = -b**2 - b + 1. Give u(-4).
-11
Let x(d) = 2*d**2 - 27*d + 33. Determine x(12).
-3
Let t(y) = y**2 - 25*y + 41. Give t(23).
-5
Let l(v) = v**2 - v - 7. Give l(3).
-1
Let k(t) = -t**3 + 15*t**2 + 15*t + 12. Calculate k(16).
-4
Let k(m) = -2*m**2 - 1. Calculate k(2).
-9
Let n(z) = 4*z + 76. Give n(-7).
48
Let q(b) = 16*b - 36. What is q(3)?
12
Let g(y) = -9*y - 160. Calculate g(-15).
-25
Let w(l) = 4*l**3 + 40*l**2 - 11. Give w(-10).
-11
Let j(p) = -p**2 + 3*p + 12. Calculate j(-3).
-6
Let o(a) = a**3 - 18*a**2 - a + 24. What is o(18)?
6
Let d(s) = -2*s**2 - 11*s - 15. Calculate d(-8).
-55
Let y(g) = -g**3 - 13*g**2 - 12*g - 6. Give y(-12).
-6
Let p(y) = 12*y + 90. Calculate p(-13).
-66
Let s(a) = -a**3 + 23*a**2 - 25*a + 71. Give s(22).
5
Let j(w) = w**2 - 25*w + 17. Calculate j(9).
-1